{"id":922,"date":"2026-03-26T11:33:55","date_gmt":"2026-03-26T10:33:55","guid":{"rendered":"https:\/\/desdeelborde.com\/?page_id=922"},"modified":"2026-03-26T11:43:35","modified_gmt":"2026-03-26T10:43:35","slug":"gustos","status":"publish","type":"page","link":"https:\/\/desdeelborde.com\/?page_id=922","title":{"rendered":"Gustos"},"content":{"rendered":"\n<hr class=\"wp-block-separator has-alpha-channel-opacity\"\/>\n\n\n\n<p>Iria esperaba en la puerta del colegio con la bicicleta. Nahuel sali\u00f3 del colegio con la mochila y se acerc\u00f3.<\/p>\n\n\n\n<p>Iria le ayud\u00f3 a subir. Nahuel se sent\u00f3 detr\u00e1s. Iria empez\u00f3 a pedalear.<\/p>\n\n\n\n<p>\u2014\u00bfQu\u00e9 color fue hoy?<br>\u2014Entre verde y naranja. M\u00e1s verde.<\/p>\n\n\n\n<p>Pedaleaban por una calle tranquila.<\/p>\n\n\n\n<p>\u2014\u00bfHas llorado?<br>\u2014\u2026<br>\u2014\u00bfY t\u00fa?<br>\u2014Yo s\u00ed.<br>\u2014\u00bfCon qu\u00e9 canci\u00f3n?<br>\u2014Con una que es un poema de Miguel Hern\u00e1ndez.<br>\u2014\u00bfLa primera del disco?<br>\u2014S\u00ed.<\/p>\n\n\n\n<p>Doblaron una esquina.<\/p>\n\n\n\n<p>\u2014Ya he sacado a las perras.<br>\u2014As\u00ed no tengo que acompa\u00f1arte luego.<\/p>\n\n\n\n<p>Doblaron otra.<\/p>\n\n\n\n<p>\u2014\u00bfAlgo rese\u00f1able?<br>\u2014Me gusta un ni\u00f1o de primero.<br>\u2014\u00bfC\u00f3mo te gusta?<br>\u2014Quiero pasar tiempo con \u00e9l. Lo encuentro lindo.<br>\u2014\u00bfQu\u00e9 te gusta de \u00e9l?<br>\u2014Sus pecas. Sus ojos. Todo. Es muy bonito.<\/p>\n\n\n\n<p>Siguieron pedaleando.<\/p>\n\n\n\n<p>\u2014\u00bfY hoy qu\u00e9 hicieron?<br>\u2014Jugamos a perseguirnos.<br>\u2014\u00bfC\u00f3mo?<br>\u2014\u00c9l era un dinosaurio y yo el meteorito que cay\u00f3 hace sesenta y cinco millones de a\u00f1os.<br>\u2014Sesenta y seis.<br>\u2014Sesenta y seis millones de a\u00f1os.<\/p>\n\n\n\n<p>Doblaron otra esquina.<\/p>\n\n\n\n<p>\u2014\u00bfY \u00e9l qu\u00e9 dinosaurio era?<br>\u2014El parasaurolophus. Porque dice que no se come a otros animales y porque canta. A \u00e9l le gusta cantar.<\/p>\n\n\n\n<p>La calle ten\u00eda m\u00e1s tr\u00e1fico.<\/p>\n\n\n\n<p>\u2014\u00bfY alguna ni\u00f1a te gusta?<br>\u2014No. No me gustan las ni\u00f1as. Me gustan los ni\u00f1os.<\/p>\n\n\n\n<p>\u2014\u00bfCrees que me gustar\u00e1n tambi\u00e9n cuando sea grande?<br>\u2014No s\u00e9. A veces se mantiene. A veces cambia. A veces pueden gustarte solo los ni\u00f1os, o solo las ni\u00f1as, o ambos. Y a veces ninguno.<br>\u2014\u00bfY les ni\u00f1es?<br>\u2014Iria se ri\u00f3\u2014. Tambi\u00e9n. O t\u00fa a elles.<\/p>\n\n\n\n<p>Sub\u00edan una cuesta.<\/p>\n\n\n\n<p>\u2014\u00bfY t\u00fa te sientes ni\u00f1e, ni\u00f1o o ni\u00f1a?<br>\u2014Ni\u00f1o.<br>\u2014\u00bfY est\u00e1s c\u00f3modo siendo ni\u00f1o? \u00bfO preferir\u00edas ser ni\u00f1a o ni\u00f1e?<br>\u2014Estoy c\u00f3modo. Es lo que soy.<\/p>\n\n\n\n<p>Bajaban otra.<\/p>\n\n\n\n<p>\u2014Aunque en todos lados me confundan con ni\u00f1a.<br>\u2014Ya.<\/p>\n\n\n\n<p>Doblaron dos esquinas m\u00e1s.<\/p>\n\n\n\n<p>\u2014Quiz\u00e1 yo vaya a ser como el t\u00edo Rai, que est\u00e1 casado con David.<br>\u2014Podr\u00eda ser.<\/p>\n\n\n\n<p>Iria fren\u00f3 al llegar a casa y bajaron.<\/p>\n\n\n\n<p>\u2014\u00bfT\u00fa por qu\u00e9 no te has casado?<\/p>\n\n\n\n<hr class=\"wp-block-separator has-alpha-channel-opacity\"\/>\n\n\n\n<hr class=\"wp-block-separator has-alpha-channel-opacity\"\/>\n\n\n\n<hr class=\"wp-block-separator has-alpha-channel-opacity\"\/>\n\n\n\n<figure class=\"wp-block-embed is-type-wp-embed is-provider-ediciones-desde-el-borde wp-block-embed-ediciones-desde-el-borde\"><div class=\"wp-block-embed__wrapper\">\n<blockquote class=\"wp-embedded-content\" data-secret=\"Vn58ksIVfP\"><a href=\"https:\/\/desdeelborde.com\/?page_id=908\">Diferencias<\/a><\/blockquote><iframe loading=\"lazy\" class=\"wp-embedded-content\" sandbox=\"allow-scripts\" security=\"restricted\" style=\"position: absolute; visibility: hidden;\" title=\"\u00abDiferencias\u00bb \u2014 Ediciones desde el borde\" src=\"https:\/\/desdeelborde.com\/?page_id=908&#038;embed=true#?secret=gbL8O73gmd#?secret=Vn58ksIVfP\" data-secret=\"Vn58ksIVfP\" width=\"500\" height=\"282\" frameborder=\"0\" marginwidth=\"0\" marginheight=\"0\" scrolling=\"no\"><\/iframe>\n<\/div><\/figure>\n\n\n\n<hr class=\"wp-block-separator has-alpha-channel-opacity\"\/>\n","protected":false},"excerpt":{"rendered":"<p>Iria esperaba en la puerta del colegio con la bicicleta. Nahuel sali\u00f3 del colegio con la mochila y se acerc\u00f3. Iria le ayud\u00f3 a subir. Nahuel se sent\u00f3 detr\u00e1s. Iria empez\u00f3 a pedalear. \u2014\u00bfQu\u00e9 color fue hoy?\u2014Entre verde y naranja. M\u00e1s verde. Pedaleaban por una calle tranquila. \u2014\u00bfHas llorado?\u2014\u2026\u2014\u00bfY t\u00fa?\u2014Yo s\u00ed.\u2014\u00bfCon qu\u00e9 canci\u00f3n?\u2014Con una que [&hellip;]<\/p>\n","protected":false},"author":1,"featured_media":0,"parent":0,"menu_order":0,"comment_status":"closed","ping_status":"closed","template":"","meta":{"footnotes":""},"class_list":["post-922","page","type-page","status-publish","hentry"],"_links":{"self":[{"href":"https:\/\/desdeelborde.com\/index.php?rest_route=\/wp\/v2\/pages\/922","targetHints":{"allow":["GET"]}}],"collection":[{"href":"https:\/\/desdeelborde.com\/index.php?rest_route=\/wp\/v2\/pages"}],"about":[{"href":"https:\/\/desdeelborde.com\/index.php?rest_route=\/wp\/v2\/types\/page"}],"author":[{"embeddable":true,"href":"https:\/\/desdeelborde.com\/index.php?rest_route=\/wp\/v2\/users\/1"}],"replies":[{"embeddable":true,"href":"https:\/\/desdeelborde.com\/index.php?rest_route=%2Fwp%2Fv2%2Fcomments&post=922"}],"version-history":[{"count":5,"href":"https:\/\/desdeelborde.com\/index.php?rest_route=\/wp\/v2\/pages\/922\/revisions"}],"predecessor-version":[{"id":927,"href":"https:\/\/desdeelborde.com\/index.php?rest_route=\/wp\/v2\/pages\/922\/revisions\/927"}],"wp:attachment":[{"href":"https:\/\/desdeelborde.com\/index.php?rest_route=%2Fwp%2Fv2%2Fmedia&parent=922"}],"curies":[{"name":"wp","href":"https:\/\/api.w.org\/{rel}","templated":true}]}}