{"id":911,"date":"2026-03-25T16:59:28","date_gmt":"2026-03-25T15:59:28","guid":{"rendered":"https:\/\/desdeelborde.com\/?page_id=911"},"modified":"2026-04-13T16:16:08","modified_gmt":"2026-04-13T14:16:08","slug":"la-ficcion","status":"publish","type":"page","link":"https:\/\/desdeelborde.com\/?page_id=911","title":{"rendered":"La ficci\u00f3n"},"content":{"rendered":"\n<hr class=\"wp-block-separator has-alpha-channel-opacity\"\/>\n\n\n\n<p>Suena el telef\u00f3nillo. Yo estaba en el ordenador, con las piernas dormidas desde hac\u00eda rato. Me levant\u00e9 sin apartar del todo las manos de los o\u00eddos y contest\u00e9.<\/p>\n\n\n\n<p>\u2014\u00bfS\u00ed?<br>\u2014Iria, baixa, en Nahuel s\u2019ha quedat adormit a la cadireta, necessito ajuda.<\/p>\n\n\n\n<p>Baj\u00e9 los escalones de dos en dos. Marc estaba abajo, sujetando la bici como si no pesara. Nahuel dorm\u00eda inclinado hacia un lado, con el casco puesto. Lo cog\u00ed y no se despert\u00f3. Nunca se despierta cuando ya ha decidido que no.<\/p>\n\n\n\n<p>Arriba lo dej\u00e9 en la cama. Le quit\u00e9 el casco, le apart\u00e9 el rizo de los ojos y cerr\u00e9 la puerta.<\/p>\n\n\n\n<p>Marc entr\u00f3 detr\u00e1s.<\/p>\n\n\n\n<p>\u2014Aquella pujada de tornada \u00e9s mortal. I dem\u00e0 hi has d\u2019anar tu a buscar-lo, la PT vol parlar amb tu.<\/p>\n\n\n\n<p>\u2014\u00bfPor qu\u00e9 no hablaste t\u00fa con ella?<br>\u2014Iria\u2026<br>\u2014Ya.<\/p>\n\n\n\n<p>Se qued\u00f3 de pie, sin hacer nada en concreto. Al cabo de un momento:<\/p>\n\n\n\n<p>\u2014S\u2019ha de fer alguna cosa amb aix\u00f2.<br>\u2014Lo s\u00e9.<\/p>\n\n\n\n<p>Por la rejilla entraba m\u00fasica. Primero baja, luego ya no.<\/p>\n\n\n\n<p><em>El infierno de tu gloria&#8230;<\/em><\/p>\n\n\n\n<p>Marc la escuch\u00f3 como si ya estuviera ah\u00ed antes.<\/p>\n\n\n\n<p>\u2014Es lo que tiene vivir en mi barrio.<br>\u2014I no qualsevol m\u00fasica.<\/p>\n\n\n\n<p>Encendi\u00f3 el ordenador y busc\u00f3 la canci\u00f3n. Cuando la puso, ya no ven\u00eda de la rejilla, ven\u00eda de dentro.<\/p>\n\n\n\n<p><em>yo lo busco y no lo encuentr<\/em>o<\/p>\n\n\n\n<p>Cerr\u00e9 los ojos. Al cerrarlos estaba \u00e9l al otro lado, con el gorro rosa, la camiseta de rayas, mir\u00e1ndome desde la barra. No hac\u00eda falta acercarse m\u00e1s. Abr\u00ed los ojos.<\/p>\n\n\n\n<p>\u2014Hoy hace dieciocho a\u00f1os<\/p>\n\n\n\n<p>\u20142000, Too Pure Records. The Greedy Ugly People.<\/p>\n\n\n\n<p>Hice el dos con los dedos. \u00c9l tambi\u00e9n sonri\u00f3.<\/p>\n\n\n\n<p>\u2014Quant de temps fa que escrius sobre nosaltres?<br>\u2014Desde 2020.<br>\u2014Des d\u2019aquell text del Joel?<br>\u2014S\u00ed. Y de m\u00e1s cosas.<\/p>\n\n\n\n<p>\u2014 I des de fa quant temps publiques les nostres vides?<\/p>\n\n\n\n<p>\u2014Tres a\u00f1os, cuatro. Ya sabes. Escribo, publico y borro.<\/p>\n\n\n\n<p>\u2014Has explicat alguna vegada que aix\u00f2 no \u00e9s del tot ficci\u00f3?<br>\u2014No. Porque s\u00ed es ficci\u00f3n.<\/p>\n\n\n\n<hr class=\"wp-block-separator has-alpha-channel-opacity\"\/>\n\n\n\n<p><\/p>\n","protected":false},"excerpt":{"rendered":"<p>Suena el telef\u00f3nillo. Yo estaba en el ordenador, con las piernas dormidas desde hac\u00eda rato. Me levant\u00e9 sin apartar del todo las manos de los o\u00eddos y contest\u00e9. \u2014\u00bfS\u00ed?\u2014Iria, baixa, en Nahuel s\u2019ha quedat adormit a la cadireta, necessito ajuda. Baj\u00e9 los escalones de dos en dos. Marc estaba abajo, sujetando la bici como si [&hellip;]<\/p>\n","protected":false},"author":1,"featured_media":0,"parent":0,"menu_order":0,"comment_status":"closed","ping_status":"closed","template":"","meta":{"footnotes":""},"class_list":["post-911","page","type-page","status-publish","hentry"],"_links":{"self":[{"href":"https:\/\/desdeelborde.com\/index.php?rest_route=\/wp\/v2\/pages\/911","targetHints":{"allow":["GET"]}}],"collection":[{"href":"https:\/\/desdeelborde.com\/index.php?rest_route=\/wp\/v2\/pages"}],"about":[{"href":"https:\/\/desdeelborde.com\/index.php?rest_route=\/wp\/v2\/types\/page"}],"author":[{"embeddable":true,"href":"https:\/\/desdeelborde.com\/index.php?rest_route=\/wp\/v2\/users\/1"}],"replies":[{"embeddable":true,"href":"https:\/\/desdeelborde.com\/index.php?rest_route=%2Fwp%2Fv2%2Fcomments&post=911"}],"version-history":[{"count":4,"href":"https:\/\/desdeelborde.com\/index.php?rest_route=\/wp\/v2\/pages\/911\/revisions"}],"predecessor-version":[{"id":1014,"href":"https:\/\/desdeelborde.com\/index.php?rest_route=\/wp\/v2\/pages\/911\/revisions\/1014"}],"wp:attachment":[{"href":"https:\/\/desdeelborde.com\/index.php?rest_route=%2Fwp%2Fv2%2Fmedia&parent=911"}],"curies":[{"name":"wp","href":"https:\/\/api.w.org\/{rel}","templated":true}]}}