{"id":1088,"date":"2026-04-21T12:38:12","date_gmt":"2026-04-21T10:38:12","guid":{"rendered":"https:\/\/desdeelborde.com\/?page_id=1088"},"modified":"2026-04-21T12:38:12","modified_gmt":"2026-04-21T10:38:12","slug":"el-diablo-negro","status":"publish","type":"page","link":"https:\/\/desdeelborde.com\/?page_id=1088","title":{"rendered":"El diablo negro"},"content":{"rendered":"\n<hr class=\"wp-block-separator has-alpha-channel-opacity\"\/>\n\n\n\n<p>\u2014Nahuel. Hoy vamos al aeropuerto.<\/p>\n\n\n\n<p>Nahuel levanta la vista del libro. Iria mira la p\u00e1gina: una colisi\u00f3n sobre fondo oscuro. No distingue qu\u00e9.<\/p>\n\n\n\n<p>\u2014\u00bfPor qu\u00e9?<\/p>\n\n\n\n<p>Iria duda un segundo. Sigue mirando la p\u00e1gina del libro que Nahuel tiene abierto.<\/p>\n\n\n\n<p>\u2014A ver a&#8230; un familiar que hace escala en Madrid. Quiero saludarlo. Y present\u00e1rtelo.<\/p>\n\n\n\n<p>\u2014\u00bfCu\u00e1nto tiempo?<\/p>\n\n\n\n<p>Iria calcula. Y al calcular, recuerda el v\u00e9rtigo que sent\u00eda de ni\u00f1a cuando pensaba en el universo.<\/p>\n\n\n\n<p>\u2014Dos horas. Tres quiz\u00e1.<\/p>\n\n\n\n<p>\u2014Vale.<\/p>\n\n\n\n<p>Vuelve al libro, sigue observando los detalles de la luz, de la colisi\u00f3n.<\/p>\n\n\n\n<p>Iria guarda unos bocadillos en su bolso.<\/p>\n\n\n\n<p>\u2014Salimos en veinte minutos.<\/p>\n\n\n\n<p>Nahuel asiente sin levantar la vista.<\/p>\n\n\n\n<hr class=\"wp-block-separator has-alpha-channel-opacity\"\/>\n\n\n\n<p>El tren estaba lleno, pero en el fondo hab\u00eda un asiento libre. Nahuel fue hacia \u00e9l y se sent\u00f3 enseguida.<\/p>\n\n\n\n<p>\u2014\u00bfMe pasas los cascos? Los auriculares.<\/p>\n\n\n\n<p>Iria se quita los auriculares del cuello y se los da.<\/p>\n\n\n\n<p>\u2014\u00bfPodcast o m\u00fasica?<\/p>\n\n\n\n<p>\u2014Podcast.<\/p>\n\n\n\n<p>Se los pone, saca el cuaderno y empieza a dibujar. Iria lo mira un momento, concentrado, absorto en el dibujo de un pirata. Saca <em>La pla\u00e7a del Diamant<\/em> del bolso y empieza a leer mientras el tren avanza.<\/p>\n\n\n\n<p>\u2014\u00bfCu\u00e1nto falta? \u2014pregunta Nahuel<\/p>\n\n\n\n<p>\u2014Es la siguiente parada \u2014responde Iria.<\/p>\n\n\n\n<hr class=\"wp-block-separator has-alpha-channel-opacity\"\/>\n\n\n\n<p>Sienten el cambio de temperatura al bajar del tren. Caminan hacia la zona de salidas. Nahuel toma la mano de Iria y, con la otra, la aprieta. Iria responde con m\u00e1s presi\u00f3n.<\/p>\n\n\n\n<p>El m\u00f3vil empieza a sonar.<\/p>\n\n\n\n<p>\u2014\u00bfT\u00edo? S\u00ed. Estamos aqu\u00ed. En la planta 0, en salidas. \u00bfD\u00f3nde est\u00e1s t\u00fa?<\/p>\n\n\n\n<p>Silencio.<\/p>\n\n\n\n<p>\u2014Vale. Te veo.<\/p>\n\n\n\n<p>Cuelga.<\/p>\n\n\n\n<p>\u2014Ya viene.<\/p>\n\n\n\n<p>Nahuel asiente. Le devuelve los cascos a Iria. Esperan. Mientras, Nahuel le pregunta c\u00f3mo es y si tiene alguna foto. Iria va a responder cuando lo ve: un hombre alto, de pelo blanco, con aspecto cansado del viaje, aparece.<\/p>\n\n\n\n<p>Iria sonr\u00ede. Se abrazan. Fuerte. Largo.<\/p>\n\n\n\n<p>Iria se separa.<\/p>\n\n\n\n<p>\u2014Este es Nahuel. Lo viste cuando ten\u00eda \u00bfcu\u00e1nto? \u00bf2 a\u00f1os?<\/p>\n\n\n\n<p>\u2014Menos \u2014responde \u00e9l.<\/p>\n\n\n\n<p>El t\u00edo mira a Nahuel, luego a Iria.<\/p>\n\n\n\n<p>\u2014\u00bfQu\u00e9 edad tiene ahora?<\/p>\n\n\n\n<p>\u2014Ocho. Bueno, ocho har\u00e1 en junio.<\/p>\n\n\n\n<p>Nahuel la mira sin mirarla.<\/p>\n\n\n\n<p>\u2014Siempre dices eso.<\/p>\n\n\n\n<p>Pausa.<\/p>\n\n\n\n<p>\u2014No tengo ocho a\u00f1os hasta que los cumpla.<\/p>\n\n\n\n<p>Sigue mirando a Iria, esta vez con la mirada fija, casi sin pesta\u00f1ear.<\/p>\n\n\n\n<p>\u2014No entiendo por qu\u00e9 lo dices.<\/p>\n\n\n\n<p>El t\u00edo se r\u00ede.<\/p>\n\n\n\n<p>\u2014Entonces sigues teniendo siete. Incluso el d\u00eda antes de cumplir 8.<\/p>\n\n\n\n<p>\u2014Claro \u2014dice Nahuel encogi\u00e9ndose de hombros y mirando las ruedas de una maleta que pasa por su lado.<\/p>\n\n\n\n<p>El t\u00edo sonr\u00ede.<\/p>\n\n\n\n<p>\u2014Hola, Nahuel. Que no nos hemos saludado todav\u00eda.<\/p>\n\n\n\n<p>Nahuel tarda un instante en responder.<\/p>\n\n\n\n<p>\u2014Hola.<\/p>\n\n\n\n<p>Extiende la mano. Formal. El t\u00edo la estrecha de vuelta.<\/p>\n\n\n\n<p>Se sientan en la zona de espera. Nahuel saca del bolso de Iria la plastilina de su set de \u201cviaje\u201d, como lo llamaba \u00e9l. Se sienta en el suelo y empieza a hacer un diablo negro.<\/p>\n\n\n\n<p>El t\u00edo mira a Iria.<\/p>\n\n\n\n<p>\u2014\u00bfC\u00f3mo est\u00e1s?<\/p>\n\n\n\n<p>Iria sostiene la mirada un segundo.<\/p>\n\n\n\n<p>\u2014Bien. Trabajando mucho\u2026 bueno, lo de siempre.<\/p>\n\n\n\n<p>\u2014Lo de siempre \u2014repite \u00e9l.<\/p>\n\n\n\n<p>Pausa.<\/p>\n\n\n\n<p>\u2014Yo vengo de presentar un libro.<\/p>\n\n\n\n<p>Iria inclina un poco la cabeza.<\/p>\n\n\n\n<p>\u2014\u00bfS\u00ed? \u00bfQu\u00e9 libro?<\/p>\n\n\n\n<p>El t\u00edo busca la palabra.<\/p>\n\n\n\n<p>\u2014Sobre mi \u00e9poca. En la c\u00e1rcel.<\/p>\n\n\n\n<p>\u2014Ya.<\/p>\n\n\n\n<p>Nahuel levanta la vista.<\/p>\n\n\n\n<p>\u2014\u00bfHas estado preso?<\/p>\n\n\n\n<p>El t\u00edo lo mira.<\/p>\n\n\n\n<p>\u2014S\u00ed.<\/p>\n\n\n\n<p>Nahuel se queda quieto.<\/p>\n\n\n\n<p>\u2014\u00bfPor qu\u00e9?<\/p>\n\n\n\n<p>El t\u00edo tarda en responde, mira a Iria y luego vuelve a Nahuel.<\/p>\n\n\n\n<p>\u2014Por defender a un presidente. Hace muchos a\u00f1os.<\/p>\n\n\n\n<p>Nahuel sigue.<\/p>\n\n\n\n<p>\u2014\u00bfQu\u00e9 presidente?<\/p>\n\n\n\n<p>\u2014Se llamaba Salvador Allende.<\/p>\n\n\n\n<p>\u2014Ah. Lo conozco.<\/p>\n\n\n\n<p>\u2014\u00bfS\u00ed?<\/p>\n\n\n\n<p>Nahuel vuelve a la plastilina, esta vez una de color escuro. Ahora construye los dientes del diablo negro.<\/p>\n\n\n\n<p>\u2014S\u00ed. Me interes\u00f3 hace unos a\u00f1os.<\/p>\n\n\n\n<p>Lo dice como si fuera mayor. Como si \u201chace unos a\u00f1os\u201d fueran d\u00e9cadas.<\/p>\n\n\n\n<p>\u2014Le gustaba jugar al ajedrez. Y era bueno.<\/p>\n\n\n\n<p>\u2014S\u00ed. Eso es verdad.<\/p>\n\n\n\n<p>El t\u00edo mira a Iria, como pidiendo permiso para seguir contando delante de Nahuel. Ella asiente con la cabeza y \u00e9l contin\u00faa.<\/p>\n\n\n\n<p>\u2014El libro cuenta eso. Y tambi\u00e9n\u2026 lo de la fuga de la c\u00e1rcel.<\/p>\n\n\n\n<p>Nahuel se detiene otra vez.<\/p>\n\n\n\n<p>\u2014\u00bfT\u00fa te fugaste?<\/p>\n\n\n\n<p>El t\u00edo niega.<\/p>\n\n\n\n<p>\u2014No. Yo fui compa\u00f1ero de prisi\u00f3n de los que se escaparon. Ese era otro grupo de presos pol\u00edticos\u2026 est\u00e1bamos organizados por\u2026 grupos.<\/p>\n\n\n\n<p>Nahuel vuelve a la plastilina:<\/p>\n\n\n\n<p>\u2014Como Yoshie Shiratori.<\/p>\n\n\n\n<p>&#8230;<\/p>\n\n\n\n<p>\u2014Se escap\u00f3 tres veces. Se dislocaba los hombros.<\/p>\n\n\n\n<p>El t\u00edo se queda un momento pensando.<\/p>\n\n\n\n<p>\u2014No sab\u00eda eso.<\/p>\n\n\n\n<p>Se r\u00ede bajo.<\/p>\n\n\n\n<p>Nahuel asiente. Sigue con la plastilina. El t\u00edo mira a Iria que se encoge de hombros leve.<\/p>\n\n\n\n<p>El t\u00edo vuelve a Nahuel.<\/p>\n\n\n\n<p>\u2014\u00bfY c\u00f3mo te interesan esos temas? \u00bfLas fugas? \u00bfLas c\u00e1rceles?<\/p>\n\n\n\n<p>Nahuel, concentrado:<\/p>\n\n\n\n<p>\u2014Por los podcast que escucho\u2026 me gustan los antih\u00e9roes\u2026 los piratas tambi\u00e9n.<\/p>\n\n\n\n<p>El t\u00edo se r\u00ede mientras mira los dientes del diablo negro ya casi terminados.<\/p>\n\n\n\n<p>\u2014Antih\u00e9roes y piratas entonces.<\/p>\n\n\n\n<p>\u2014S\u00ed \u2014responde Nahuel, mientras sigue con la plastilina. Modela algo peque\u00f1o entre los dedos. Probablemente la antena.<\/p>\n","protected":false},"excerpt":{"rendered":"<p>\u2014Nahuel. Hoy vamos al aeropuerto. Nahuel levanta la vista del libro. Iria mira la p\u00e1gina: una colisi\u00f3n sobre fondo oscuro. No distingue qu\u00e9. \u2014\u00bfPor qu\u00e9? Iria duda un segundo. Sigue mirando la p\u00e1gina del libro que Nahuel tiene abierto. \u2014A ver a&#8230; un familiar que hace escala en Madrid. Quiero saludarlo. Y present\u00e1rtelo. \u2014\u00bfCu\u00e1nto tiempo? [&hellip;]<\/p>\n","protected":false},"author":1,"featured_media":0,"parent":0,"menu_order":0,"comment_status":"closed","ping_status":"closed","template":"","meta":{"footnotes":""},"class_list":["post-1088","page","type-page","status-publish","hentry"],"_links":{"self":[{"href":"https:\/\/desdeelborde.com\/index.php?rest_route=\/wp\/v2\/pages\/1088","targetHints":{"allow":["GET"]}}],"collection":[{"href":"https:\/\/desdeelborde.com\/index.php?rest_route=\/wp\/v2\/pages"}],"about":[{"href":"https:\/\/desdeelborde.com\/index.php?rest_route=\/wp\/v2\/types\/page"}],"author":[{"embeddable":true,"href":"https:\/\/desdeelborde.com\/index.php?rest_route=\/wp\/v2\/users\/1"}],"replies":[{"embeddable":true,"href":"https:\/\/desdeelborde.com\/index.php?rest_route=%2Fwp%2Fv2%2Fcomments&post=1088"}],"version-history":[{"count":1,"href":"https:\/\/desdeelborde.com\/index.php?rest_route=\/wp\/v2\/pages\/1088\/revisions"}],"predecessor-version":[{"id":1089,"href":"https:\/\/desdeelborde.com\/index.php?rest_route=\/wp\/v2\/pages\/1088\/revisions\/1089"}],"wp:attachment":[{"href":"https:\/\/desdeelborde.com\/index.php?rest_route=%2Fwp%2Fv2%2Fmedia&parent=1088"}],"curies":[{"name":"wp","href":"https:\/\/api.w.org\/{rel}","templated":true}]}}